ate the greatest common divisor of 53933496 and 24.
24
Calculate the greatest common divisor of 119187750 and 198.
66
What is the greatest common divisor of 166 and 27295961?
83
What is the highest common divisor of 244757 and 22081?
311
What is the highest common divisor of 41067559 and 13?
13
What is the highest common factor of 2250 and 2928600?
450
Calculate the greatest common factor of 4956 and 410340.
84
Calculate the greatest common divisor of 5 and 252091415.
5
What is the greatest common factor of 51 and 6559450?
17
Calculate the highest common factor of 199 and 3415238.
199
Calculate the greatest common factor of 36627210 and 70.
10
What is the greatest common divisor of 11184859 and 2107?
301
What is the greatest common divisor of 180 and 627108?
12
What is the greatest common factor of 10664892 and 10584?
756
What is the highest common divisor of 1550 and 10451960?
310
What is the highest common divisor of 71577 and 469503?
27
Calculate the greatest common divisor of 9474 and 8487125.
1579
What is the highest common divisor of 126518539 and 1666?
833
Calculate the highest common divisor of 324 and 9012708.
324
Calculate the greatest common divisor of 582 and 12853858.
194
Calculate the greatest common divisor of 5323242 and 6.
6
Calculate the greatest common divisor of 11324340 and 44280.
540
Calculate the highest common divisor of 29204 and 12250.
98
Calculate the greatest common divisor of 178293074 and 19.
19
What is the highest common divisor of 46998 and 29333466?
6714
Calculate the greatest common factor of 2563380 and 11562.
282
Calculate the greatest common divisor of 1815 and 115523540.
605
Calculate the highest common factor of 342804608 and 15744.
5248
Calculate the greatest common factor of 702826112 and 9728.
2432
Calculate the greatest common factor of 893613840 and 714.
714
Calculate the greatest common divisor of 42330 and 19560.
30
What is the highest common factor of 1058 and 26558974?
1058
Calculate the highest common divisor of 5790274 and 17822.
938
Calculate the highest common factor of 1276 and 65135972.
1276
What is the greatest common divisor of 1325599 and 21571?
407
What is the greatest common divisor of 484659 and 1034145?
3087
What is the greatest common divisor of 7189 and 696096492?
7189
What is the greatest common divisor of 38522 and 1022624273?
19261
Calculate the greatest common factor of 187159048 and 344.
344
What is the greatest common divisor of 9 and 40243320?
9
Calculate the greatest common divisor of 67616712 and 72.
72
Calculate the highest common divisor of 218 and 13339093.
109
What is the highest common divisor of 1435 and 101043516?
287
What is the greatest common divisor of 1785 and 202705671?
357
Calculate the greatest common divisor of 10672 and 22724.
92
What is the greatest common divisor of 19 and 91853505?
19
What is the highest common divisor of 1065 and 4884465?
15
What is the highest common divisor of 186433 and 143?
13
Calculate the highest common divisor of 4031 and 33409.
1
Calculate the greatest common divisor of 307065962 and 2898.
322
Calculate the highest common factor of 1411 and 80111.
1
Calculate the highest common factor of 1684 and 655697396.
1684
Calculate the greatest common divisor of 9370 and 541172783.
937
What is the highest common divisor of 415461 and 13983?
237
What is the greatest common divisor of 314 and 82319?
1
What is the highest common factor of 4250 and 3040110?
170
Calculate the highest common factor of 119236144 and 49712.
3824
Calculate the highest common factor of 37843 and 119062811.
2911
Calculate the highest common divisor of 124123562 and 34.
34
What is the highest common divisor of 2874 and 1861914?
6
Calculate the highest common factor of 10512 and 139391748.
2628
What is the highest common divisor of 656 and 1905345768?
328
What is the highest common factor of 2244 and 2882004?
12
Calculate the greatest common divisor of 2214 and 7820586.
738
Calculate the highest common factor of 135 and 297986121.
27
Calculate the greatest common divisor of 121984 and 2994326.
1906
Calculate the greatest common divisor of 461 and 8913435.
461
What is the highest common divisor of 295876 and 1162?
14
What is the highest common factor of 355989 and 768153?
321
What is the greatest common divisor of 848 and 12967144?
8
What is the greatest common divisor of 16857 and 1504019?
1873
What is the greatest common factor of 2980 and 7145146?
298
Calculate the highest common factor of 429 and 1319538.
33
What is the highest common factor of 5663307 and 351?
39
Calculate the highest common factor of 1054 and 29994596.
34
Calculate the highest common factor of 2194968 and 1296.
24
What is the greatest common divisor of 582325 and 360?
5
What is the greatest common divisor of 22311 and 110308063?
2479
Calculate the greatest common divisor of 88284108 and 96.
12
Calculate the greatest common factor of 263363 and 2007.
223
What is the highest common divisor of 362 and 1269227567?
181
What is the highest common factor of 1003772 and 4774?
154
Calculate the highest common factor of 101990 and 39928.
434
What is the highest common divisor of 219 and 5439887?
73
What is the greatest common factor of 4043763 and 14792?
1849
Calculate the greatest common factor of 8445725 and 3149750.
7325
What is the highest common divisor of 85115 and 209815?
145
What is the greatest common divisor of 274001 and 11375?
91
What is the greatest common factor of 544 and 1076678?
34
What is the highest common divisor of 51248368 and 1136?
1136
What is the highest common factor of 1674442 and 1001?
77
Calculate the highest common factor of 1868 and 25918967.
467
Calculate the highest common factor of 127 and 238245269.
127
What is the greatest common divisor of 864192 and 13188?
84
Calculate the greatest common divisor of 56906 and 870508.
1538
What is the greatest common divisor of 10550 and 8315088?
422
What is the highest common divisor of 4004231 and 522767?
2737
Calculate the greatest common factor of 40597591 and 139.
139
What is the greatest common factor of 637 and 2445394?
49
Calculate the highest common divisor of 500 and 36785875.
125
What is the highest common factor of 33104484 and 756?
756
What is the highest common factor of 1604917 and 14605?
23
Calculate the greatest common factor of 1146038 and 428170.
1822
What is the greatest common factor of 5458046 and 27094?
62
What is the highest common factor of 3816 and 233783?
53
Calculate the highest common factor of 416 and 4808352.
32
Calculate the greatest common factor of 2644352 and 33394.
566
Calculate the greatest common divisor of 31746 and 293238.
66
Calculate the greatest common factor of 135997 and 7811.
107
Calculate the greatest common factor of 34651260 and 2136.
1068
Calculate the greatest common divisor of 79360 and 430720.
640
What is the greatest common factor of 8535 and 11840890?
2845
Calculate the greatest common divisor of 1520199 and 10971.
477
What is the highest common factor of 63243840 and 160?
160
Calculate the greatest common factor of 1264491 and 804.
201
What is the highest common divisor of 92 and 1737167?
23
Calculate the greatest common factor of 3962 and 461818.
14
Calculate the highest common divisor of 1047900 and 2430.
30
Calculate the greatest common divisor of 897700 and 1600.
100
What is the highest common factor of 1017301437 and 1377?
1377
Calculate the highest common factor of 213743761 and 1771.
1771
What is the greatest common divisor of 700 and 64369620?
140
Calculate the highest common factor of 149378259 and 3.
3
Calculate the greatest common divisor of 210107111 and 57.
19
What is the highest common divisor of 24125 and 6425935?
965
Calculate the greatest common divisor of 5299845 and 45.
15
Calculate the greatest common factor of 1441834 and 19970.
3994
Calculate the greatest common factor of 32692 and 91564.
44
Calculate the greatest common divisor of 8722 and 367392.
178
Calculate the greatest common divisor of 544 and 125186912.
544
What is the highest common divisor of 1441 and 75650011?
131
What is the greatest common factor of 188848 and 18944?
592
What is the greatest common divisor of 25824309 and 714?
357
Calculate the highest common factor of 36974 and 227962.
266
